sor of 5 and 586990?
5
What is the highest common factor of 146 and 222066?
146
What is the highest common divisor of 660 and 3323540?
220
Calculate the highest common divisor of 262 and 16.
2
Calculate the greatest common factor of 272 and 149940.
68
What is the highest common factor of 1906084 and 904?
452
Calculate the highest common divisor of 10818 and 360.
18
Calculate the greatest common divisor of 20 and 80090.
10
Calculate the greatest common factor of 10 and 138045.
5
What is the greatest common divisor of 4257 and 14454?
99
What is the greatest common factor of 95 and 54055?
95
What is the greatest common divisor of 144 and 3087?
9
What is the highest common divisor of 2540 and 4620?
20
What is the highest common divisor of 54782 and 1462?
86
What is the highest common factor of 8800 and 616?
88
What is the greatest common divisor of 3 and 2743?
1
What is the greatest common factor of 15930 and 210?
30
What is the greatest common divisor of 2 and 181786?
2
Calculate the highest common factor of 25112 and 688.
344
What is the highest common divisor of 2453 and 407?
11
What is the highest common factor of 340 and 351305?
85
Calculate the highest common factor of 527 and 93.
31
What is the greatest common factor of 1040232 and 16?
8
What is the highest common factor of 32670 and 81?
27
What is the highest common factor of 5750 and 15?
5
Calculate the highest common factor of 5489 and 297.
11
What is the highest common factor of 72 and 1891128?
24
What is the highest common divisor of 1928560 and 400?
80
What is the highest common divisor of 494 and 133513?
19
Calculate the highest common factor of 91 and 918281.
91
What is the greatest common divisor of 30861 and 508?
127
What is the greatest common divisor of 8022 and 2718?
6
Calculate the greatest common factor of 136283 and 126.
7
Calculate the highest common factor of 730 and 16110.
10
Calculate the greatest common divisor of 32 and 7584.
32
What is the highest common divisor of 342 and 1786?
38
Calculate the highest common divisor of 356564 and 52.
52
What is the greatest common divisor of 6660 and 4884?
444
What is the highest common divisor of 460 and 9923350?
230
Calculate the greatest common factor of 212 and 283974.
106
Calculate the highest common divisor of 988 and 4082.
26
Calculate the greatest common divisor of 1353 and 693.
33
Calculate the highest common factor of 3522 and 438.
6
Calculate the greatest common divisor of 609 and 165735.
87
What is the greatest common divisor of 60358 and 8446?
206
What is the greatest common factor of 414556 and 61?
61
Calculate the highest common divisor of 32 and 4538384.
16
What is the greatest common factor of 539620 and 80?
20
Calculate the highest common divisor of 42 and 2566158.
42
Calculate the greatest common divisor of 3881 and 5.
1
Calculate the highest common factor of 94 and 37506.
94
What is the highest common divisor of 270 and 55530?
90
What is the greatest common factor of 42 and 28506?
6
What is the highest common factor of 3168 and 175164?
132
What is the highest common divisor of 224 and 1064?
56
What is the highest common divisor of 8224 and 8672?
32
Calculate the greatest common factor of 43792 and 816.
272
What is the highest common divisor of 35712 and 72?
72
What is the highest common factor of 3146 and 3861?
143
What is the highest common divisor of 1008 and 40264?
56
Calculate the greatest common factor of 48853 and 1225.
49
Calculate the highest common factor of 2619 and 1359.
9
Calculate the highest common divisor of 4972 and 12317.
113
What is the greatest common divisor of 3618 and 213?
3
What is the greatest common divisor of 117 and 668304?
117
What is the greatest common divisor of 767340 and 720?
180
What is the greatest common divisor of 519 and 1737266?
173
What is the greatest common factor of 174780 and 4410?
90
What is the greatest common factor of 393640 and 500?
20
What is the highest common factor of 20057 and 62?
31
Calculate the greatest common divisor of 475 and 361.
19
What is the greatest common factor of 96600 and 650?
50
Calculate the highest common factor of 247718 and 580.
58
What is the greatest common factor of 1111 and 12969?
11
What is the highest common factor of 2584 and 442?
34
What is the highest common factor of 365 and 215?
5
What is the greatest common divisor of 1892 and 64?
4
What is the greatest common factor of 2640378 and 312?
78
Calculate the highest common divisor of 30 and 105402.
6
What is the highest common divisor of 88 and 644171?
11
What is the highest common factor of 25536552 and 1464?
1464
Calculate the highest common divisor of 174366 and 459.
27
What is the greatest common factor of 6 and 22107?
3
What is the greatest common factor of 35688 and 216?
24
What is the highest common factor of 3292 and 1804?
4
Calculate the highest common divisor of 67799 and 151.
151
What is the highest common divisor of 931272 and 72?
24
What is the highest common divisor of 537315 and 45?
15
Calculate the highest common factor of 23153 and 507.
169
What is the greatest common divisor of 666 and 180153?
333
Calculate the greatest common factor of 13100 and 16768.
524
Calculate the highest common divisor of 1455 and 78.
3
Calculate the greatest common factor of 78117 and 663.
39
What is the greatest common divisor of 406863 and 1539?
81
What is the highest common divisor of 4826 and 1938?
38
What is the greatest common factor of 10991 and 1015?
29
Calculate the greatest common factor of 2252348 and 514.
514
What is the greatest common factor of 165788 and 25976?
764
Calculate the greatest common divisor of 5696 and 344074.
178
Calculate the highest common factor of 660 and 2367060.
60
Calculate the highest common divisor of 40173 and 56.
7
Calculate the greatest common factor of 3737 and 37.
37
Calculate the highest common divisor of 66 and 71577.
33
What is the greatest common factor of 469 and 436907?
67
What is the greatest common divisor of 5890 and 210862?
1178
Calculate the highest common divisor of 1365 and 125034.
273
What is the greatest common factor of 32 and 143176?
8
Calculate the highest common divisor of 1135 and 2335.
5
Calculate the greatest common factor of 24 and 22809.
3
Calculate the greatest common divisor of 20 and 71070.
10
What is the greatest common divisor of 2098 and 42?
2
Calculate the greatest common factor of 149501 and 957.
11
What is the highest common divisor of 21 and 25445154?
21
What is the greatest common factor of 14 and 576842?
14
What is the highest common factor of 2673543 and 207?
69
Calculate the greatest common factor of 1368 and 454728.
24
What is the greatest common factor of 11849 and 377774?
697
What is the highest common divisor of 22685 and 975?
65
Calculate the greatest common divisor of 320677 and 488.
61
What is the greatest common divisor of 10431 and 915?
183
Calculate the greatest common divisor of 711 and 85083.
237
What is the highest common factor of 14 and 104076?
14
What is the greatest common factor of 6798 and 461337?
309
What is the highest common factor of 1274 and 167531?
637
What is the highest common factor of 1434450 and 1834?
262
Calculate the highest common factor of 142 and 431751.
71
What is the greatest common divisor of 159327 and 189?
189
What is the highest common factor of 22775 and 200?
25
Calculate the highest common divisor of 227386 and 188.
94
What is the greatest common factor of 5994 and 1782?
162
Calculate the highest common divisor of 328 and 1479854.
82
Calculate the highest common divisor of 43 and 1971679.
43
What is the highest common factor of 513 and 99009?
513
Calculate the greatest common divisor of 212 and 449546.
106
What is the greatest common divisor of 3857008 and 3243?
1081
What is the greatest common factor of 14370 and 35?
5
What is the greatest common divisor of 297 and 418715?
11
What is the highest common divisor of 1092 and 2874?
6
Calculate the greatest common divisor of 5633 and 11911.
43
Calculate the greatest common divisor of 175821 and 5871.
309
Calculate the greatest common factor of 1924 and 520.
52
What is the greatest common divisor of 14 and 20762?
14
What is the highest common factor of 588 and 66885?
147
What is the greatest common divisor of 2925277 an